 -1452646 + 4451?
-1445165
In base 11, what is -50aa4 - 506?
-514aa
In base 9, what is 606 - -434?
1141
In base 16, what is 0 - -15648cd?
15648cd
In base 12, what is 5 - 108620?
-108617
In base 13, what is 21b1166 - 5?
21b1161
In base 5, what is -11210 - -110014234?
110003024
In base 2, what is -1011001100 + -10111010110111000?
-10111100010000100
In base 12, what is -12 - 18492a5?
-18492b7
In base 6, what is 1110 - -3044220?
3045330
In base 10, what is -583 - 26465?
-27048
In base 13, what is 2621568 + -15?
2621553
In base 8, what is 11266034 - -1?
11266035
In base 15, what is 445a2bb2 - -4?
445a2bb6
In base 8, what is 2324 + 3747703?
3752227
In base 5, what is 2330434110 - -3?
2330434113
In base 3, what is 22110102220120 + -200?
22110102212220
In base 7, what is -5 - -2440130324?
2440130316
In base 6, what is 3 + 145212134?
145212141
In base 15, what is 8 + -264663?
-26465a
In base 3, what is 10111120200212 - -11?
10111120201000
In base 12, what is 18469 - 1b51?
16518
In base 15, what is -c - 12754?
-12761
In base 6, what is -1542541405 + -4?
-1542541413
In base 12, what is 3 - -20258b?
202592
In base 14, what is b7da58 - 2?
b7da56
In base 11, what is 3aa3325 - -2?
3aa3327
In base 15, what is -9 + -c5a98?
-c5aa2
In base 14, what is -5a737a + -1?
-5a737b
In base 7, what is -1354 - 14520?
-16204
In base 15, what is e001e - 2?
e001c
In base 7, what is 3 + 133001430?
133001433
In base 13, what is -21378b9 + -6?
-21378c2
In base 16, what is -13613 + 75?
-1359e
In base 12, what is -61 - -491756?
4916b5
In base 2, what is -101010 - 110000010111101101?
-110000011000010111
In base 10, what is -189205990 - -3?
-189205987
In base 7, what is 5561 + -360622?
-352031
In base 3, what is -2010201020 - 20212?
-2010222002
In base 9, what is -6 + 38811347?
38811341
In base 9, what is 106 - 18677?
-18571
In base 11, what is -2aa8481 + -5?
-2aa8486
In base 9, what is -53435 - -70?
-53355
In base 8, what is 6770470 + -6?
6770462
In base 4, what is 22030 + 3110002?
3132032
In base 8, what is 20 + -5447212?
-5447172
In base 7, what is -3 - -25411540?
25411534
In base 9, what is -42 - -3058715?
3058663
In base 6, what is 103154030 + -4?
103154022
In base 16, what is -61 - -1d007?
1cfa6
In base 5, what is 114 - 103101344?
-103101230
In base 4, what is 2113 - -111110012?
111112131
In base 7, what is -16233006 + -5?
-16233014
In base 4, what is -112203130 - -11113?
-112132011
In base 14, what is b + d27c2bb?
d27c2c8
In base 9, what is -107 - -87265?
87157
In base 4, what is -131230 + -233103?
-1030333
In base 13, what is -4 + 7c4993b?
7c49937
In base 16, what is 3 + c9dde2?
c9dde5
In base 12, what is 148 - a9313?
-a9187
In base 7, what is 2 + 40614535?
40614540
In base 11, what is 146769 + -2956?
143913
In base 2, what is 110001110 - -1100010100111111?
1100011011001101
In base 8, what is -477122104 - -11?
-477122073
In base 3, what is -10 - -1000012021111222?
1000012021111212
In base 8, what is -115 + -1146776?
-1147113
In base 15, what is -14cd + c72?
-75b
In base 14, what is 3 - -5ad1db?
5ad200
In base 16, what is -1123 - 811?
-1934
In base 5, what is -1240034 - 214304?
-2004343
In base 5, what is -130 - 230423030?
-230423210
In base 15, what is 45 - -41c34?
41c79
In base 7, what is -4651 + -250244?
-255225
In base 8, what is 70342 - -1471?
72033
In base 3, what is 1012210210 - -1202000?
1021112210
In base 16, what is -51c93f - 1?
-51c940
In base 12, what is 6396321 + 5?
6396326
In base 5, what is -2124114 - 311404?
-2441023
In base 3, what is -211111101210112 + 10?
-211111101210102
In base 3, what is -102201210 + -2212020100?
-10021222010
In base 9, what is -22 + -20050110?
-20050132
In base 5, what is 340132 - -11433?
402120
In base 16, what is -2268439e + -1?
-2268439f
In base 5, what is -23 - -1400144134?
1400144111
In base 16, what is 1aa4da8 + 5?
1aa4dad
In base 11, what is 5 + 489a461?
489a466
In base 11, what is -5 + -42862707?
-42862711
In base 4, what is -110202 - 1111222?
-1222030
In base 2, what is -10010111010010111 + 110111000000?
-10010000011010111
In base 4, what is 1000023 - -132333?
1133022
In base 13, what is -5 + 575b6cb?
575b6c6
In base 7, what is 136 + -1355432?
-1355263
In base 7, what is -34356224 + 5?
-34356216
In base 2, what is 1100010110111100001 - -1111110?
1100010111001011111
In base 9, what is 33202 + 144?
33346
In base 9, what is 44413 - 3168?
41234
In base 3, what is 1201011 + -10221121?
-2020110
In base 16, what is -2 - 69b7169?
-69b716b
In base 4, what is -12 - 10323333323?
-10330000001
In base 14, what is 86c7 - 332?
8395
In base 12, what is 472 + -68522?
-68070
In base 5, what is -413143 + -1420?
-420113
In base 10, what is 9 - -3088588?
3088597
In base 14, what is -28 - -16522?
164d8
In base 9, what is -48 + -2161111?
-2161160
In base 10, what is 2 + 166359?
166361
In base 9, what is -75556 + 1653?
-73803
In base 13, what is 3b1 + 14522?
14903
In base 13, what is -3 + 21aa051?
21aa04b
In base 4, what is 23011211331 + -113?
23011211212
In base 15, what is 69c9e36 + -2?
69c9e34
In base 10, what is 172 + -22721?
-22549
In base 3, what is 1111211121200102 - -100?
1111211121200202
In base 4, what is 302221 - -102020?
1010301
In base 9, what is 356 + 2217?
2574
In base 12, what is 17542a - -369?
175797
In base 3, what is 2001020100220011 - -2?
2001020100220020
In base 12, what is -113b + -6b497?
-70616
In base 13, what is 7a8a04 + 42?
7a8a46
In base 3, what is -1020 - 12112021120212?
-12112021122002
In base 6, what is 1032451322 - 11?
1032451311
In base 10, what is 68870612 + -16?
68870596
In base 15, what is -547b + 3c2?
-50a9
In base 5, what is -24 + -43431114?
-43431143
In base 12, what is 1 + -42b1a1?
-42b1a0
In base 14, what is -a + 598903b?
5989031
In base 13, what is 185 - a008?
-9b53
In base 16, what is 5 - -11c4cc1?
11c4cc6
In base 11, what is -1983 - 74763?
-76636
In base 3, what is -11220002 + -10101111?
-22021120
In base 12, what is 6025 + 3186?
91ab
In base 2, what is -100010 - 1001011000100111110111?
-1001011000101000011001
In base 6, what is 303 + 42005504?
42010211
In base 7, what is -1353224 + 1250?
-1351644
In base 10, what is 222 - -68313?
68535
In base 10, what is 412 + 7205?
7617
In base 2, what is -10 - -110110000100001000001110001?
110110000100001000001101111
In base 13, what is -4 + 383c?
3838
In base 2, what is 11111110011001100100101100 + 1?
11111110011001100100101101
In base 6, what is 1 - 102053341?
-102053340
In base 16, what is -8c9 + 1a24f?
19986
In base 8, what is -115 + 43770?
43653
In base 15, what is 15 - 19b4bbc?
-19b4ba7
In base 6, what is -34243244 - 115?
-34243403
In base 2, what is 10000101001101011 - 111110110?
10000100001110101
In base 12, what is 5 + 10845814?
10845819
In base 10, what is -540563 - -82?
-540481
In base 8, what is -4 + 245244060?
245244054
In base 10, what is -129 - -171820?
171691
In base 3, what is 20 - -100200200?
100200220
In base 5, what is -4 + 2220420022?
2220420013
In base 11, what is -1 + -18759135?
-18759136
In base 10, what is 2593 - 31878?
-29285
In base 16, what is -7e38 - -2f?
-7e09
In base 12, what is -26 - 336a0b?
-336a35
In base 2, what is -111101 + 1110010111101100001000?
1110010111101011001011
In base 11, what is -5 - 200a41a?
-200a424
In base 2, what is -110101111 + 1100010000110111?
1100001010001000
In base 6, what is 104325420 - -12?
104325432
In base 8, what is -3472065 - 5?
-3472072
In base 12, what is 76 - 90726?
-90670
In base 16, what is -713d78 + 2?
-713d76
In base 13, what is 414 + 14b6a?
15281
In base 4, what is -1131101302 + 1?
-1131101301
In base 5, what is -232044102 + -120?
-232044222
In base 12, what is b2017 - 43?
b1b94
In base 8, what is 11476 - -27354?
41052
In base 2, what is -101 - 1001001110100011010110101?
-1001001110100011010111010
In base 11, what is 63 + -61967a?
-619617
In base 11, what is -22 - 1513?
-1535
In base 2, what is -10111100101 + 10010100101011?
1111101000110
In base 8, what is 10 + -1236226?
-1236216
In base 8, what is 10517 - 277641?
-267122
In base 11, what is 1972506a + 13?
19725082
In base 15, what is b05 + 16be?
22c4
In base 11, what is 4 + -2479965?
-2479961
In base 13, what is -4992623 + -5?
-4992628
In base 16, what is -342 + -ddee?
-e130
In base 5, what is 133111111344 - -2?
133111111401
In base 3, what is -